3 = s - 2*v - k, -2*v = -8. Calculate the remainder when s is divided by 34.
33
What is the remainder when 83 is divided by 58/(-87)*129/(-2)?
40
Suppose -5*j - p = -5 - 2, 0 = -2*j + 4*p - 6. What is the remainder when ((-92)/(-16))/(j/8 + 0) is divided by 13?
7
Let m = -10 - 15. Let g = m + 31. Suppose v - g*v = -4*a - 194, -5*a - 195 = -5*v. Calculate the remainder when v is divided by 14.
10
Let d(w) = -21*w - 1. Let o(b) = 4*b**3 + b**2 + 2*b + 1. Let a be o(-1). Calculate the remainder when d(a) is divided by 28.
27
Let r = 411 + -396. Calculate the remainder when 87 is divided by r.
12
Suppose 0 = 143*t - 146*t + 1812. What is the remainder when t is divided by 19?
15
Let f(c) = -c**3 + 10*c**2 + 17*c - 16. Suppose -6*t + 11*t - 55 = 0. Let z = 7 + 6. What is the remainder when f(t) is divided by z?
11
Let o be ((-12)/(-4) - 2)*(2 - 313). Let d(i) = 197*i**3 + 2*i + 1. Let b be d(-1). Let c = b - o. Calculate the remainder when c is divided by 29.
26
Calculate the remainder when 2494/30 + ((-352)/(-60) - 6) is divided by 12.
11
Suppose 2*p = -2*z + 1090, -2 = -2*z + 4. Calculate the remainder when p is divided by 68.
66
Let o = 136 - 27. Suppose o + 73 = 2*h. Let t = -65 + h. Calculate the remainder when t is divided by 7.
5
Let x be (4*35/(-15))/(1/(-3)). Suppose -3*h = 3*t - t - x, -14 = -2*t + 4*h. Calculate the remainder when 97 is divided by t.
9
Suppose -18 = -p - 2*p. Let c = 51 - p. Suppose -m + 25 = 4*m, 0 = 5*w + 2*m - 90. What is the remainder when c is divided by w?
13
Suppose 7 = -3*o - 2. Calculate the remainder when (-3)/((18/64)/o) is divided by (3/(-15) - (-144)/20)*1.
4
Let o = 6 + -2. Suppose 11 = -o*s - 241. Calculate the remainder when 24 is divided by (-10)/(-25) - s/5.
11
Let i(f) = -f**2 - 20*f - 14. Calculate the remainder when 239 is divided by i(-5).
56
Let k = 75 - 17. Suppose -2*l = -k - 20. Calculate the remainder when 232 is divided by l.
37
Suppose -5*b = 4*z - 130, -z = -7*b + 5*b + 52. What is the remainder when 327 is divided by b?
15
Suppose 245 = 5*v + 3*w, 3*v + 12*w - 10*w - 148 = 0. What is the remainder when 129 is divided by v?
37
Let d = -2248 + 2256. What is the remainder when 38 is divided by d?
6
Suppose 6*l - 2*l + 96 = d, -l + 396 = 5*d. Suppose -49 = -3*h + d. What is the remainder when h is divided by 23?
20
Suppose 0 = 4*b + 2*j - 18, 3*b - 24 = -b + 4*j. Suppose 4*l - 2 = -b*a, 9 + 0 = 5*l + 3*a. What is the remainder when 11 is divided by l?
2
Suppose 3*a - 44 = -3*h - 11, -5*h + 2*a + 41 = 0. Calculate the remainder when 69 is divided by h.
6
Suppose 0 = 981*y - 968*y - 4381. Calculate the remainder when y is divided by 98.
43
Let a(h) be the third derivative of h**5/60 + h**4/24 + 17*h**3/6 - h**2. Let v = -932 - -964. Calculate the remainder when v is divided by a(0).
15
Let t(k) = k**3 - 6*k**2 - k - 9. Let v be t(7). Suppose -15 = -3*s - x, 4*s = -s + x + v. Let u = 99 + -86. What is the remainder when u is divided by s?
1
Let l = 5 - -43. Suppose 43*a = l*a - 365. What is the remainder when a is divided by 15?
13
Let n(f) = f**3 - 11*f**2 - 8*f - 40. Calculate the remainder when 133 is divided by n(12).
5
Let t be (-3)/(3 - (6 + -2)). What is the remainder when (-40)/t*180/(-48) is divided by 18?
14
Let y be (-2)/9 + 4233/(-27). Let a = y + 262. Suppose 0*z = -2*c + 2*z + 40, z - a = -4*c. What is the remainder when 49 is divided by c?
24
Let v be (-1)/(-4)*4 - 1. Suppose v = -4*t - 4*p - 74 + 306, -182 = -3*t + p. Calculate the remainder when t is divided by 31.
29
Let l = 470 + -315. Calculate the remainder when l is divided by 16.
11
Suppose -31*w + 1158 = 73. What is the remainder when 102 is divided by w?
32
Let l be 17/2 - (-3 - 21/(-6)). Let y = l - -5. What is the remainder when 23 is divided by y?
10
Suppose 36*k + 38 = 40*k + t, -3*k + 21 = -3*t. Calculate the remainder when 188 is divided by k.
8
Suppose 0 = 5*l - 4 - 6. Suppose 5*o - l*m = -7*m + 35, 14 = 2*o - 3*m. What is the remainder when 93/33 + 4/22 - -24 is divided by o?
6
Suppose 0 = -3*h + 5*u + 646, 0 = -h + 2*h - 2*u - 214. Calculate the remainder when h is divided by 46.
38
Suppose 10*t + 12 - 52 = 0. Let x(z) be the second derivative of z**3/2 - z**2/2 + z. What is the remainder when 31 is divided by x(t)?
9
Let w(g) = g**2 + 15*g - 212. What is the remainder when w(-39) is divided by 14?
10
Let p(s) = 5*s - 119. Calculate the remainder when 186 is divided by p(28).
18
What is the remainder when 55 is divided by ((-560)/(-245))/((-1)/(-14))?
23
Suppose 0 = -6*c + 11 - 77. Let r = c + 48. What is the remainder when r is divided by 19?
18
Suppose -11*i + 15*i + 8 = 0, -3*i = -2*t + 16. Suppose -8 = 4*g - 2*g, t*u - 5*g - 120 = 0. What is the remainder when u is divided by 4?
0
Suppose 0 = -0*v - 5*v + p + 17, 0 = 5*v - 2*p - 14. Suppose 0 = 3*z + v*n - 16, 5*n + 58 = 4*z + 3*n. Calculate the remainder when 81 is divided by z.
9
Suppose -17 = 4*u + 35. Let l(p) = -p**2 - 18*p + 13. Let j be l(u). Suppose -2*t + j = 4*f, 0 = -4*t - 24 + 4. What is the remainder when 87 is divided by f?
21
Suppose 115*t + 5700 = 140*t. Calculate the remainder when t is divided by 8.
4
Calculate the remainder when 80 is divided by (20/(-25))/((-2)/(-10)) - -25.
17
Let v(y) = 33*y + 25. Let u be v(3). Suppose u - 6 = x. What is the remainder when x is divided by 12?
10
Calculate the remainder when (394/4)/(8/(112/7)) is divided by 18.
17
Let r(z) = z**2 + z + 22. What is the remainder when 151 is divided by r(3)?
15
Let b = -41 - -49. Let n be 2 - (-3)/3 - -62. Suppose -5*z + 0 = -n. Calculate the remainder when z is divided by b.
5
Suppose s - 5 = 25. Suppose 219 = 5*k - 241. Calculate the remainder when s is divided by k/12 + (-2)/(-6).
6
Let t(x) = x + 1. Let s be t(1). Suppose -2*u = -u + s. Calculate the remainder when 12 is divided by (u/(-3))/(2/21).
5
Let h = -384 + 606. Let k = h - 154. Calculate the remainder when k is divided by 24.
20
Let n(k) = -18 + 12 - 2 - 29 - 5*k. Calculate the remainder when 109 is divided by n(-15).
33
Let s(c) = c**3 - 5*c**2 + 4*c + 7. Let x(l) = 21*l**2 - 14*l - 34. Calculate the remainder when x(-2) is divided by s(5).
24
Let g be (-48)/9*15/(-10). Suppose 2*b - 4*t = -3*b + 125, 5*t - 25 = -b. Calculate the remainder when b is divided by 4/g*-9*-2.
7
Calculate the remainder when (-444)/(-13) - (-6)/(-39) is divided by ((-36)/21)/(102/21 + -5).
10
Calculate the remainder when 64 is divided by (-1)/((-15)/(-120)*1/(-2)).
0
Suppose -k + 0*b - b + 5 = 0, -4*k = -2*b - 44. Suppose 0 = -3*n + h + 98, 6*n - 2*h = 11*n - 167. Calculate the remainder when n is divided by k.
6
Suppose -1270 = -74*i + 1764. What is the remainder when i is divided by 15?
11
Let k = 33 - 29. Suppose i - 4*i = k*j - 192, 5*j - 325 = -5*i. Calculate the remainder when i is divided by 35.
33
Suppose -p - s = -9, 0*s = p - 2*s + 6. Suppose -6*i = -p*i + w + 14, -2*i + 5*w - 2 = 0. What is the remainder when 29 is divided by (15/i)/((-4)/24)?
14
Let z(x) = -x + 37. Let k = -8 + 3. Let h = k - -18. Calculate the remainder when z(0) is divided by h.
11
Suppose -54 = 5*x - 4*x. What is the remainder when 7 is divided by 94/18 - (-12)/x?
2
Let v(u) = 2*u**2 + 2*u + 7. Let k be v(5). Suppose 2*p + 4*t - 55 = -p, 4*p = t + k. Calculate the remainder when 31 is divided by p.
14
Let t = -7 + 52. Suppose -15 - t = -12*c. Calculate the remainder when c is divided by 4.
1
Let f be 2*-1*(-9)/6. Let z(l) = -l - 2. Let w be z(-2). Suppose w*r = -h - f*r + 21, -h - 19 = -5*r. What is the remainder when 17 is divided by h?
5
Let a be 44/7 + 2/(-7). Suppose -a*p = -z - 4*p + 21, -p + 160 = 5*z. Let j = 43 - z. What is the remainder when 35 is divided by j?
11
Suppose -4*f - p + 16 - 6 = 0, -f - 5*p + 12 = 0. Suppose 5*c = f*c. Suppose b - 4 - 4 = c. What is the remainder when 15 is divided by b?
7
Suppose 4*t - 14 = -s + 2*s, -3*t + 27 = 2*s. Let u be s/8 + (-1155)/20. Let w = -20 - u. Calculate the remainder when w is divided by 10.
7
Let g(f) = -f**3 - 8*f**2 - 18*f - 1. Suppose -14 = -7*p + 8*p. Let q = -4 - p. What is the remainder when g(-6) is divided by q?
5
Let l(i) = i**3 - 15*i**2 - 19*i + 15. Let g be l(16). Let r = 34 + g. What is the remainder when 5 is divided by r?
0
Let x be (-140)/(-12) + (-2)/(-6). Suppose 35*i - 3